pose j - 85 = -4*j. Calculate the remainder when k is divided by j.
14
Let k = -29 - -18. Let z = k - -26. What is the remainder when 1/((-2)/(-86)) - 0 is divided by z?
13
Let d(l) = 13*l**2 - 2*l + 1. Suppose -2*p - 99 = -5*p. What is the remainder when p is divided by d(1)?
9
Let z = -8 + 7. Calculate the remainder when z/(-1) + 51 + 0 is divided by 18.
16
Let x = 106 + -58. What is the remainder when x is divided by 17?
14
Suppose -2*g - 36 = -2. Let m = 24 - g. Calculate the remainder when m is divided by 21.
20
Suppose 4*v - 49 = -3*a, 28 + 14 = 2*v - 2*a. Let x = 5 - 11. What is the remainder when v is divided by (3*-2)/(x + 5)?
4
Let s(i) be the first derivative of i**4/4 - 2*i**3 - 3*i**2 + i + 4. What is the remainder when s(7) is divided by 5?
3
Let q(t) = -t**3 - 6*t**2 - 7*t + 1. Let r be (2/(-2))/(4/20). Let y(f) = f**2 + 7. Calculate the remainder when y(5) is divided by q(r).
10
Let c = 2 + 0. Suppose 0 = -r + 9 + c. What is the remainder when r is divided by ((-32)/(-28))/((-6)/(-21))?
3
Suppose 120 = 3*f - 3*l, -7 = 3*f - l - 133. Calculate the remainder when f is divided by (-2)/(-6) - 32/(-3).
10
Suppose -69 = -5*w - 14. Calculate the remainder when w is divided by (2/2)/((-2)/(-12)).
5
Let s(w) = w**2 - 9*w + 2. Let b be s(10). Suppose -41 + b = -3*g - 4*a, -3*g - 3*a + 30 = 0. Calculate the remainder when 31 is divided by g.
9
Suppose 97 = 3*f - v, -5*v + 2*v - 19 = -f. Let i = f + -22. Calculate the remainder when i is divided by 7.
5
Let c be (2/(-3))/(2/(-15)). Suppose -4*i + b - 6*b + 9 = 0, 0 = 3*b - 3. What is the remainder when 1 - (-2 + i)*c is divided by 3?
0
Suppose 4*q = -0 + 8. Suppose q = -v, 3*p - v - 10 - 160 = 0. Let f = 19 + 0. What is the remainder when p is divided by f?
18
What is the remainder when 4070/50 - 4/10 is divided by 29?
23
Suppose 44 = 5*b + 14. Let v(j) = j + 11. Calculate the remainder when v(6) is divided by b.
5
Suppose 0*k + k - 161 = -5*r, -2*r + 2*k + 62 = 0. What is the remainder when r is divided by 12?
8
Let a(u) = 2*u**2 - 7*u + 4. Let n be a(6). Suppose 4*v = 5*v - n. What is the remainder when v is divided by 12?
10
Suppose 5*k = 4*t + 96, 4*t - 81 + 17 = -3*k. Calculate the remainder when 117 is divided by k.
17
Suppose -q = -2 - 0, -g + 13 = q. What is the remainder when 75 is divided by g?
9
Suppose -3 = 3*z - 6. Calculate the remainder when (11/3)/(z/3) is divided by 6.
5
What is the remainder when (-3)/(-12)*4 + 35 is divided by 13?
10
Suppose 322*m - 319*m = 15. Let p = 15 - 1. Calculate the remainder when p is divided by m.
4
Let r(h) = -2*h**2 - 7*h + 6. Calculate the remainder when 3/6 - (-14)/4 is divided by r(-4).
0
Let a(l) = 43*l**2 + 2*l + 1. What is the remainder when a(-1) is divided by 15?
12
Let x(c) be the third derivative of -c**4/24 + c**3/6 + c**2. Suppose -4*l - 4*s + 3 - 11 = 0, 2*s = -4*l - 8. What is the remainder when 7 is divided by x(l)?
1
Let m(q) be the second derivative of -q**5/20 - q**4/12 - q**3/3 + q**2 + 2*q. Calculate the remainder when m(-3) is divided by -2 + -16*(-1 + 0).
12
Let s(o) = -o**3 - 5*o**2 + 15*o - 6. Calculate the remainder when s(-8) is divided by 23.
20
Let m = 124 + -103. Calculate the remainder when 53 is divided by m.
11
Suppose -4*s - s - 8 = 3*h, s = -4*h + 12. Suppose 4*k - 91 = 5*d, -h*d - 34 = -k + d. Calculate the remainder when 74 is divided by k.
17
Let g be 2*-1 - (-1 - -6). Let p be -2*(-1)/(-3) - (-2)/3. What is the remainder when 20 is divided by 1/((-1)/g - p)?
6
Calculate the remainder when 2 - 6 - 243/(-3) is divided by 17.
9
Suppose -3*m + 4 = 1. Let d = m + 2. Calculate the remainder when 4 is divided by d.
1
Suppose -3*v + 2 = -10. Suppose 0*r = 2*y - v*r - 4, 3*r = 12. Let m = 0 + 4. Calculate the remainder when y is divided by m.
2
Let n be 4/16 - (-10)/(-8). What is the remainder when n + 15*2/3 is divided by 105/20 - 1/4?
4
Let q be (-6)/(-8) + (-6)/8. Suppose 0 = 4*z - c - q*c - 386, 3*z - c = 289. Calculate the remainder when z is divided by 25.
22
What is the remainder when 35 is divided by -3 - (4 + -6) - -10?
8
Suppose 2*l - 25 = 5*g, -4*l + 2*g + 2*g = -68. Calculate the remainder when 4 is divided by ((-2)/4)/((-5)/l).
0
Suppose 35*r - 399 - 56 = 0. Suppose -5*q + q - 136 = 0. Let k = 57 + q. What is the remainder when k is divided by r?
10
Let d(m) = -9*m**3 + m**2 - m - 1. Calculate the remainder when 29 is divided by d(-1).
9
Suppose -f = z + 4*z - 25, 3*z + 2*f = 22. Calculate the remainder when 3 is divided by z/(-10) + (-68)/(-20).
0
Let g(a) = 3*a**2 + 3*a + 18. Calculate the remainder when g(-6) is divided by 37.
34
Suppose 0 = -3*i + 4*o + 37 + 14, -30 = -i - 3*o. Calculate the remainder when 13 is divided by i/2*(-12)/(-18).
6
Let m = 3 - -38. What is the remainder when 81 is divided by m?
40
Let i = -34 - -53. Suppose 0 = -5*h + h + 224. What is the remainder when h is divided by i?
18
Let z(u) = -u**3 - 14*u**2 - 26*u - 6. Calculate the remainder when 64 is divided by z(-12).
10
Suppose -5*h + 71 = 3*y, 30 = y + y - h. Let l = -7 + y. What is the remainder when l is divided by 3?
1
Let z(u) = u**2 - u + 2. Calculate the remainder when ((-6)/(-8))/(7/28) is divided by z(0).
1
Let d be 12/5 + 6/(-15). Suppose p + d*p - 105 = 0. Suppose 4*i = 3*u - p, u - 5 = 4*i + 4. What is the remainder when 24 is divided by u?
11
Let i = 8 - 2. Calculate the remainder when 14 is divided by i.
2
Calculate the remainder when 2/((-8)/6)*(-64)/6 is divided by 6.
4
Let t = 15 + -19. Calculate the remainder when (-24)/t*(-1)/(-2) is divided by 1.
0
Let n = -2 + 4. Suppose n*h = h + 8. Calculate the remainder when h is divided by 5.
3
Suppose -k + 4 = -3*k. Calculate the remainder when 13 is divided by (-1 - -4) + k + 2.
1
Suppose 0 = -4*f - 3 + 43. Calculate the remainder when 67 is divided by f.
7
Suppose 3*j + j - 8 = -5*b, 3*j + b = 6. Let p = j - 0. Suppose -p*s = -7 - 21. What is the remainder when s is divided by 5?
4
Suppose -4*z + 59 = 5*q, 5*z - 2*z - 25 = -2*q. Suppose 3*n - 4 - q = 0. Calculate the remainder when 17 is divided by n.
2
Suppose -z = 2*z - 4*j - 41, -4*j - 63 = -5*z. Calculate the remainder when z is divided by 8.
3
Suppose 5*h - 2*q = 10, 16 + 15 = 4*h + 3*q. Let w = -3 + 7. Suppose -h*o = 4*a - 3*a - 55, -w*o + 54 = 2*a. What is the remainder when o is divided by 8?
6
Suppose 2*z = 163 - 15. Calculate the remainder when z is divided by 19.
17
Suppose m + 43 = 4*g, m + 19 = 2*g - 2*m. Calculate the remainder when 27 is divided by g.
5
Suppose -v + 4 = 2. Let s(d) = 16*d**2 - d - 1. Let t = 28 - 12. What is the remainder when s(v) is divided by t?
13
Let v(i) = i**2 + 2*i + 1. Let o be 1*2/2 + -1. Suppose o*y + y - 6 = 0. What is the remainder when y is divided by v(-3)?
2
Calculate the remainder when ((-9)/2)/(3/(-20)) is divided by 11.
8
What is the remainder when 12/(-28) + (2 - (-1490)/14) is divided by 37?
34
Let y = -9 + 12. Suppose -2*f - 8 = 0, f = -y*n - f + 31. What is the remainder when 23 is divided by n?
10
Suppose 4*c - 62 = -2*r, -4*c + 42 = -2*r - 32. Let f(b) = -3 + 10*b + 0 + 5. Calculate the remainder when f(3) is divided by c.
15
Let m = 109 + -75. Let k(w) = w**2 - 3*w - 1. Calculate the remainder when m is divided by k(5).
7
What is the remainder when 3/2 - 1386/(-12) is divided by 20?
17
Calculate the remainder when 86 is divided by 2/7 - ((-2280)/(-21))/(-5).
20
Calculate the remainder when -6 + 28 - (3 + -6) is divided by 13.
12
Let l = 7 - 9. Suppose -4 - 30 = -5*m - 4*j, m - 3 = 3*j. What is the remainder when 26/2 - (-6)/l is divided by m?
4
Suppose -4*t = -12*t + 96. Calculate the remainder when 44 is divided by t.
8
Calculate the remainder when 24 is divided by (-9)/(-6) - (-1)/(-2)*-17.
4
Let a(w) = w**3 - 8*w**2 - 6*w + 9. Let k be a(9). Suppose 0 = 3*n - 5*q + 12 - 4, 4*q - k = -5*n. What is the remainder when 11 is divided by n?
3
Let g = 0 - 0. Suppose 5*s - 40 = -g*s. Let i(j) = j**2 + 12*j - 22. Calculate the remainder when i(-15) is divided by s.
7
Let o be (-6)/4*(-16)/(-6). Let z(l) = -l**2 - 4*l. Let n be z(o). Suppose -5*t = -n*t - 25. Calculate the remainder when 13 is divided by t.
3
Suppose 132 = -10*g + 362. Let y(d) = d + 15. What is the remainder when g is divided by y(-9)?
5
Suppose -2*l = -5*f + 138, 61 = f - 3*l + 23. Let 